{"id":523,"date":"2022-08-31T15:33:02","date_gmt":"2022-08-31T13:33:02","guid":{"rendered":"https:\/\/grangeduchateau.be\/?page_id=523"},"modified":"2026-04-10T21:40:14","modified_gmt":"2026-04-10T19:40:14","slug":"visite-virtuelle-360-degres-la-grange-du-chateau","status":"publish","type":"page","link":"https:\/\/grangeduchateau.be\/?page_id=523","title":{"rendered":"Visite 360\u00b0"},"content":{"rendered":"\n<p class=\"has-text-align-left\">Une immersion \u00e0 360\u00b0 pour visualiser les espaces communs et les chambres (Naviguez avec le plan incrust\u00e9 dans l&rsquo;image, cliquez sur les pi\u00e8ces).<\/p>\n\n\n\n<div align=\"center\"><iframe width=\"1200\" height=\"700\" src=\"https:\/\/my.matterport.com\/show\/?m=XZ3d5opH9b5\"  frameborder=\"0\" allowfullscreen allow=\"autoplay; fullscreen; web-share; xr-spatial-tracking;\"><\/iframe><\/div>\n\n\n\n<p> <\/p>\n\n\n\n<p>Visite du g\u00eete avec Nordeclair.<\/p>\n\n\n\n<div align=\"center\"><iframe src=\"\/\/www.ultimedia.com\/deliver\/generic\/iframe\/mdtk\/01515498\/src\/q3sp85u\/zone\/43\/showtitle\/1\/\" frameborder=\"0\" scrolling=\"no\" marginwidth=\"0\" marginheight=\"0\" hspace=\"0\" vspace=\"0\" webkitallowfullscreen=\"true\" mozallowfullscreen=\"true\" allowfullscreen=\"true\" width=\"620\" height=\"500\" allow=\"autoplay; fullscreen\"><\/iframe><\/div>\n","protected":false},"excerpt":{"rendered":"<p>Une immersion \u00e0 360\u00b0 pour visualiser les espaces communs et les chambres (Naviguez avec le plan incrust\u00e9 dans l&rsquo;image, cliquez sur les pi\u00e8ces). Visite du g\u00eete avec Nordeclair.<\/p>\n","protected":false},"author":1,"featured_media":0,"parent":0,"menu_order":0,"comment_status":"closed","ping_status":"closed","template":"","meta":{"footnotes":""},"class_list":["post-523","page","type-page","status-publish","hentry"],"yoast_head":"<!-- This site is optimized with the Yoast SEO plugin v27.4 - https:\/\/yoast.com\/product\/yoast-seo-wordpress\/ -->\n<title>Visite 360\u00b0 - La Grange du Ch\u00e2teau<\/title>\n<meta name=\"description\" content=\"Visite virtuelle Visitez le g\u00eete et ses diff\u00e9rents espaces comme si vous y \u00e9tiez. Tournez, zoomez, d\u00e9placez vous. S\u00e9lectionnez les vignettes\" \/>\n<meta name=\"robots\" content=\"index, follow, max-snippet:-1, max-image-preview:large, max-video-preview:-1\" \/>\n<link rel=\"canonical\" href=\"https:\/\/grangeduchateau.be\/?page_id=523\" \/>\n<meta property=\"og:locale\" content=\"fr_FR\" \/>\n<meta property=\"og:type\" content=\"article\" \/>\n<meta property=\"og:title\" content=\"Visite 360\u00b0 - La Grange du Ch\u00e2teau\" \/>\n<meta property=\"og:description\" content=\"Visite virtuelle Visitez le g\u00eete et ses diff\u00e9rents espaces comme si vous y \u00e9tiez. Tournez, zoomez, d\u00e9placez vous. S\u00e9lectionnez les vignettes\" \/>\n<meta property=\"og:url\" content=\"https:\/\/grangeduchateau.be\/?page_id=523\" \/>\n<meta property=\"og:site_name\" content=\"La Grange du Ch\u00e2teau\" \/>\n<meta property=\"article:publisher\" content=\"https:\/\/www.facebook.com\/Lagrangeduchateau\" \/>\n<meta property=\"article:modified_time\" content=\"2026-04-10T19:40:14+00:00\" \/>\n<meta name=\"twitter:card\" content=\"summary_large_image\" \/>\n<meta name=\"twitter:label1\" content=\"Dur\u00e9e de lecture estim\u00e9e\" \/>\n\t<meta name=\"twitter:data1\" content=\"1 minute\" \/>\n<script type=\"application\/ld+json\" class=\"yoast-schema-graph\">{\"@context\":\"https:\\\/\\\/schema.org\",\"@graph\":[{\"@type\":\"WebPage\",\"@id\":\"https:\\\/\\\/grangeduchateau.be\\\/?page_id=523\",\"url\":\"https:\\\/\\\/grangeduchateau.be\\\/?page_id=523\",\"name\":\"Visite 360\u00b0 - La Grange du Ch\u00e2teau\",\"isPartOf\":{\"@id\":\"https:\\\/\\\/grangeduchateau.be\\\/#website\"},\"datePublished\":\"2022-08-31T13:33:02+00:00\",\"dateModified\":\"2026-04-10T19:40:14+00:00\",\"description\":\"Visite virtuelle Visitez le g\u00eete et ses diff\u00e9rents espaces comme si vous y \u00e9tiez. Tournez, zoomez, d\u00e9placez vous. S\u00e9lectionnez les vignettes\",\"breadcrumb\":{\"@id\":\"https:\\\/\\\/grangeduchateau.be\\\/?page_id=523#breadcrumb\"},\"inLanguage\":\"fr-FR\",\"potentialAction\":[{\"@type\":\"ReadAction\",\"target\":[\"https:\\\/\\\/grangeduchateau.be\\\/?page_id=523\"]}]},{\"@type\":\"BreadcrumbList\",\"@id\":\"https:\\\/\\\/grangeduchateau.be\\\/?page_id=523#breadcrumb\",\"itemListElement\":[{\"@type\":\"ListItem\",\"position\":1,\"name\":\"Accueil\",\"item\":\"https:\\\/\\\/grangeduchateau.be\\\/\"},{\"@type\":\"ListItem\",\"position\":2,\"name\":\"Visite 360\u00b0\"}]},{\"@type\":\"WebSite\",\"@id\":\"https:\\\/\\\/grangeduchateau.be\\\/#website\",\"url\":\"https:\\\/\\\/grangeduchateau.be\\\/\",\"name\":\"La Grange du Ch\u00e2teau\",\"description\":\"Bienvenue au G\u00eete La Grange du Ch\u00e2teau \u00e0 Estaimbourg\",\"publisher\":{\"@id\":\"https:\\\/\\\/grangeduchateau.be\\\/#organization\"},\"potentialAction\":[{\"@type\":\"SearchAction\",\"target\":{\"@type\":\"EntryPoint\",\"urlTemplate\":\"https:\\\/\\\/grangeduchateau.be\\\/?s={search_term_string}\"},\"query-input\":{\"@type\":\"PropertyValueSpecification\",\"valueRequired\":true,\"valueName\":\"search_term_string\"}}],\"inLanguage\":\"fr-FR\"},{\"@type\":\"Organization\",\"@id\":\"https:\\\/\\\/grangeduchateau.be\\\/#organization\",\"name\":\"G\u00eete La Grange du Ch\u00e2teau\",\"url\":\"https:\\\/\\\/grangeduchateau.be\\\/\",\"logo\":{\"@type\":\"ImageObject\",\"inLanguage\":\"fr-FR\",\"@id\":\"https:\\\/\\\/grangeduchateau.be\\\/#\\\/schema\\\/logo\\\/image\\\/\",\"url\":\"https:\\\/\\\/grangeduchateau.be\\\/wp-content\\\/uploads\\\/2021\\\/11\\\/logo_vf_enattentedapprobation_Plan-de-travail-1.png\",\"contentUrl\":\"https:\\\/\\\/grangeduchateau.be\\\/wp-content\\\/uploads\\\/2021\\\/11\\\/logo_vf_enattentedapprobation_Plan-de-travail-1.png\",\"width\":1956,\"height\":1048,\"caption\":\"G\u00eete La Grange du Ch\u00e2teau\"},\"image\":{\"@id\":\"https:\\\/\\\/grangeduchateau.be\\\/#\\\/schema\\\/logo\\\/image\\\/\"},\"sameAs\":[\"https:\\\/\\\/www.facebook.com\\\/Lagrangeduchateau\"]}]}<\/script>\n<!-- \/ Yoast SEO plugin. -->","yoast_head_json":{"title":"Visite 360\u00b0 - La Grange du Ch\u00e2teau","description":"Visite virtuelle Visitez le g\u00eete et ses diff\u00e9rents espaces comme si vous y \u00e9tiez. Tournez, zoomez, d\u00e9placez vous. S\u00e9lectionnez les vignettes","robots":{"index":"index","follow":"follow","max-snippet":"max-snippet:-1","max-image-preview":"max-image-preview:large","max-video-preview":"max-video-preview:-1"},"canonical":"https:\/\/grangeduchateau.be\/?page_id=523","og_locale":"fr_FR","og_type":"article","og_title":"Visite 360\u00b0 - La Grange du Ch\u00e2teau","og_description":"Visite virtuelle Visitez le g\u00eete et ses diff\u00e9rents espaces comme si vous y \u00e9tiez. Tournez, zoomez, d\u00e9placez vous. S\u00e9lectionnez les vignettes","og_url":"https:\/\/grangeduchateau.be\/?page_id=523","og_site_name":"La Grange du Ch\u00e2teau","article_publisher":"https:\/\/www.facebook.com\/Lagrangeduchateau","article_modified_time":"2026-04-10T19:40:14+00:00","twitter_card":"summary_large_image","twitter_misc":{"Dur\u00e9e de lecture estim\u00e9e":"1 minute"},"schema":{"@context":"https:\/\/schema.org","@graph":[{"@type":"WebPage","@id":"https:\/\/grangeduchateau.be\/?page_id=523","url":"https:\/\/grangeduchateau.be\/?page_id=523","name":"Visite 360\u00b0 - La Grange du Ch\u00e2teau","isPartOf":{"@id":"https:\/\/grangeduchateau.be\/#website"},"datePublished":"2022-08-31T13:33:02+00:00","dateModified":"2026-04-10T19:40:14+00:00","description":"Visite virtuelle Visitez le g\u00eete et ses diff\u00e9rents espaces comme si vous y \u00e9tiez. Tournez, zoomez, d\u00e9placez vous. S\u00e9lectionnez les vignettes","breadcrumb":{"@id":"https:\/\/grangeduchateau.be\/?page_id=523#breadcrumb"},"inLanguage":"fr-FR","potentialAction":[{"@type":"ReadAction","target":["https:\/\/grangeduchateau.be\/?page_id=523"]}]},{"@type":"BreadcrumbList","@id":"https:\/\/grangeduchateau.be\/?page_id=523#breadcrumb","itemListElement":[{"@type":"ListItem","position":1,"name":"Accueil","item":"https:\/\/grangeduchateau.be\/"},{"@type":"ListItem","position":2,"name":"Visite 360\u00b0"}]},{"@type":"WebSite","@id":"https:\/\/grangeduchateau.be\/#website","url":"https:\/\/grangeduchateau.be\/","name":"La Grange du Ch\u00e2teau","description":"Bienvenue au G\u00eete La Grange du Ch\u00e2teau \u00e0 Estaimbourg","publisher":{"@id":"https:\/\/grangeduchateau.be\/#organization"},"potentialAction":[{"@type":"SearchAction","target":{"@type":"EntryPoint","urlTemplate":"https:\/\/grangeduchateau.be\/?s={search_term_string}"},"query-input":{"@type":"PropertyValueSpecification","valueRequired":true,"valueName":"search_term_string"}}],"inLanguage":"fr-FR"},{"@type":"Organization","@id":"https:\/\/grangeduchateau.be\/#organization","name":"G\u00eete La Grange du Ch\u00e2teau","url":"https:\/\/grangeduchateau.be\/","logo":{"@type":"ImageObject","inLanguage":"fr-FR","@id":"https:\/\/grangeduchateau.be\/#\/schema\/logo\/image\/","url":"https:\/\/grangeduchateau.be\/wp-content\/uploads\/2021\/11\/logo_vf_enattentedapprobation_Plan-de-travail-1.png","contentUrl":"https:\/\/grangeduchateau.be\/wp-content\/uploads\/2021\/11\/logo_vf_enattentedapprobation_Plan-de-travail-1.png","width":1956,"height":1048,"caption":"G\u00eete La Grange du Ch\u00e2teau"},"image":{"@id":"https:\/\/grangeduchateau.be\/#\/schema\/logo\/image\/"},"sameAs":["https:\/\/www.facebook.com\/Lagrangeduchateau"]}]}},"_links":{"self":[{"href":"https:\/\/grangeduchateau.be\/index.php?rest_route=\/wp\/v2\/pages\/523","targetHints":{"allow":["GET"]}}],"collection":[{"href":"https:\/\/grangeduchateau.be\/index.php?rest_route=\/wp\/v2\/pages"}],"about":[{"href":"https:\/\/grangeduchateau.be\/index.php?rest_route=\/wp\/v2\/types\/page"}],"author":[{"embeddable":true,"href":"https:\/\/grangeduchateau.be\/index.php?rest_route=\/wp\/v2\/users\/1"}],"replies":[{"embeddable":true,"href":"https:\/\/grangeduchateau.be\/index.php?rest_route=%2Fwp%2Fv2%2Fcomments&post=523"}],"version-history":[{"count":25,"href":"https:\/\/grangeduchateau.be\/index.php?rest_route=\/wp\/v2\/pages\/523\/revisions"}],"predecessor-version":[{"id":742,"href":"https:\/\/grangeduchateau.be\/index.php?rest_route=\/wp\/v2\/pages\/523\/revisions\/742"}],"wp:attachment":[{"href":"https:\/\/grangeduchateau.be\/index.php?rest_route=%2Fwp%2Fv2%2Fmedia&parent=523"}],"curies":[{"name":"wp","href":"https:\/\/api.w.org\/{rel}","templated":true}]}}